{"id":352,"date":"2017-07-23T11:58:43","date_gmt":"2017-07-23T09:58:43","guid":{"rendered":"http:\/\/chiro-creteil.fr\/chiro-creteil-test\/?page_id=352"},"modified":"2021-10-05T13:45:29","modified_gmt":"2021-10-05T11:45:29","slug":"pourquoi","status":"publish","type":"page","link":"https:\/\/chiro-creteil.fr\/index.php\/pourquoi\/","title":{"rendered":"Pourquoi ?"},"content":{"rendered":"<div id=\"pl-352\"  class=\"panel-layout\" >\n<div id=\"pg-352-0\"  class=\"panel-grid panel-has-style\"  data-style=\"{&quot;cell_alignment&quot;:&quot;flex-start&quot;,&quot;align&quot;:&quot;&quot;,&quot;overlay&quot;:&quot;&quot;,&quot;overlay_color&quot;:&quot;#000000&quot;}\" >\n<div style=\"padding: 100px 0; \" data-overlay=\"true\" data-overlay-color=\"#000000\" class=\"panel-row-style panel-row-style-for-352-0\" >\n<div id=\"pgc-352-0-0\"  class=\"panel-grid-cell panel-grid-cell-mobile-last\"  data-style=\"{&quot;background_display&quot;:&quot;tile&quot;,&quot;vertical_alignment&quot;:&quot;auto&quot;}\"  data-weight=\"0.5\" >\n<div id=\"panel-352-0-0-0\" class=\"so-panel widget widget_text panel-first-child panel-last-child\" data-index=\"0\" data-style=\"{&quot;background_display&quot;:&quot;tile&quot;,&quot;content_alignment&quot;:&quot;left&quot;,&quot;title_color&quot;:&quot;#443f3f&quot;,&quot;headings_color&quot;:&quot;#443f3f&quot;}\" >\n<div style=\"text-align: left;\" data-title-color=\"#443f3f\" data-headings-color=\"#443f3f\" class=\"panel-widget-style panel-widget-style-for-352-0-0-0\" >\n<h3 class=\"widget-title\">Fonctionnement<\/h3>\n<div class=\"textwidget\">\n<p><span class=\"textheading2 mobile-undersized-upper\">L\u2019appareil locomoteur englobe l\u2019ensemble des structures de votre corps qui est n\u00e9cessaire aux mouvements: Il s\u2019agit du complexe neuro-musculo-squelettique c\u2019est \u00e0 dire: le syt\u00e8me nerveux, les muscles, et le squelette. Tous travaillent en harmonie, donc lorsqu\u2019une des mailles de la chaine souffre, c\u2019est l\u2019ensemble du syst\u00e8me qui s\u2019en trouve affect\u00e9.<\/span><\/p>\n<p><span class=\"textheading2 mobile-undersized-upper\">De mani\u00e8re plus clair, une petite douleur o\u00f9 qu\u2019elle se situe peut \u00e0 terme nuire \u00e0 l\u2019ensemble de votre \u00e9quilibre et de votre sant\u00e9.<\/span><\/p>\n<p><span class=\"textheading2 mobile-undersized-upper\">La douleur est un signal d\u2019alarme que vous ne ressentirez que pendant une courte p\u00e9riode.<\/span><\/p>\n<p><span class=\"textheading2 mobile-undersized-upper\">Elle signale un probl\u00e8me dans votre organisme, et vous limite dans votre vie quotidienne de fa\u00e7on \u00e0 ce que vous ne forciez pas d\u2019avantage sur le trouble et que vous ne l\u2019aggraviez pas.<\/span><\/p>\n<p><span class=\"textheading2 mobile-undersized-upper\">Sa disparition ne signe en aucun cas la r\u00e9solution du probl\u00e8me.<\/span><\/p>\n<p><span class=\"textheading2 mobile-undersized-upper\">Il signe tout simplement l\u2019adaptation de votre corps \u00e0 ce probl\u00e8me. En d\u2019autres termes, votre corps \u00ab\u00a0fait avec\u00a0\u00bb.<\/span><\/p>\n<p><span class=\"textheading2 mobile-undersized-upper\">Mais \u00ab\u00a0faire avec\u00a0\u00bb a des cons\u00e9quences, qui appara\u00eetront \u00e0 plus ou moins long terme.<\/span><\/p>\n<p><span class=\"textheading2 mobile-undersized-upper\">Or plus les mauvaises habitudes prises par votre corps sont anciennes, plus il est difficile de les faire dispara\u00eetre.<\/span><\/p>\n<p><strong><span class=\"textheading2\">Mieux vaut donc consulter t\u00f4t !<\/span><\/strong><\/p>\n<\/div><\/div>\n<\/div>\n<\/div>\n<div id=\"pgc-352-0-1\"  class=\"panel-grid-cell panel-grid-cell-empty\"  data-style=\"{&quot;background_display&quot;:&quot;tile&quot;,&quot;vertical_alignment&quot;:&quot;center&quot;}\"  data-weight=\"0.5\" ><\/div>\n<\/div>\n<\/div>\n<\/div>\n","protected":false},"excerpt":{"rendered":"<p>Fonctionnement L\u2019appareil locomoteur englobe l\u2019ensemble des structures de votre corps qui est n\u00e9cessaire aux mouvements: Il s\u2019agit du complexe neuro-musculo-squelettique c\u2019est \u00e0 dire: le syt\u00e8me nerveux, les muscles, et le squelette. Tous travaillent en harmonie, donc lorsqu\u2019une des mailles de la chaine souffre, c\u2019est l\u2019ensemble du syst\u00e8me qui s\u2019en trouve affect\u00e9. De mani\u00e8re plus clair, [&hellip;]<\/p>\n","protected":false},"author":1,"featured_media":0,"parent":0,"menu_order":0,"comment_status":"closed","ping_status":"closed","template":"page-templates\/page_front-page.php","meta":{"footnotes":""},"class_list":["post-352","page","type-page","status-publish","hentry"],"_links":{"self":[{"href":"https:\/\/chiro-creteil.fr\/index.php\/wp-json\/wp\/v2\/pages\/352","targetHints":{"allow":["GET"]}}],"collection":[{"href":"https:\/\/chiro-creteil.fr\/index.php\/wp-json\/wp\/v2\/pages"}],"about":[{"href":"https:\/\/chiro-creteil.fr\/index.php\/wp-json\/wp\/v2\/types\/page"}],"author":[{"embeddable":true,"href":"https:\/\/chiro-creteil.fr\/index.php\/wp-json\/wp\/v2\/users\/1"}],"replies":[{"embeddable":true,"href":"https:\/\/chiro-creteil.fr\/index.php\/wp-json\/wp\/v2\/comments?post=352"}],"version-history":[{"count":16,"href":"https:\/\/chiro-creteil.fr\/index.php\/wp-json\/wp\/v2\/pages\/352\/revisions"}],"predecessor-version":[{"id":511,"href":"https:\/\/chiro-creteil.fr\/index.php\/wp-json\/wp\/v2\/pages\/352\/revisions\/511"}],"wp:attachment":[{"href":"https:\/\/chiro-creteil.fr\/index.php\/wp-json\/wp\/v2\/media?parent=352"}],"curies":[{"name":"wp","href":"https:\/\/api.w.org\/{rel}","templated":true}]}}